 be 3/(3 + 0)*-74. What are the prime factors of -1*(-2)/((-4)/m)?
37
Let d = 15 + -11. Suppose -3*t - t + 4 = d*b, -4*t - 1 = -b. What are the prime factors of -2 - 3*-2*b?
2
Let x = -21 - -6. Let r be (-1)/(-3) - x/9. Suppose -r*c + 12 = -0*c. List the prime factors of c.
2, 3
Let i(s) be the second derivative of -1/20*s**5 + 0 - 7/6*s**3 - 2*s - 2*s**2 - 5/12*s**4. List the prime factors of i(-4).
2
Let f be -310 + 3/3 + -1. List the prime factors of f/15*(-6)/4.
31
List the prime factors of -4 - (1 - 9) - -58.
2, 31
Let i(y) = y**3 - 6*y**2 - 2. Let m(a) = a**2. Let n(q) = -i(q) - 2*m(q). Suppose -3*f = -2*v - 3, f = 3*v - 0 - 6. List the prime factors of n(f).
11
Suppose 2*p = p + 2. Suppose -p*z + 56 - 18 = 0. List the prime factors of z.
19
Let i = 353 + -215. What are the prime factors of i?
2, 3, 23
List the prime factors of (237/12 + -1)*32/6.
2, 5
Suppose -3*v - v - n = -162, 0 = -3*n - 6. Let o = v - 11. Let u = o + -13. What are the prime factors of u?
17
Let c = 128 + 51. What are the prime factors of c?
179
Let z = 14 - 23. Suppose 0 = 4*x + 52 + 16. Let l = z - x. List the prime factors of l.
2
Let l(t) = -t. Let c be l(-4). Let x be 2460/48 - 6/(-8). Suppose -c*g + x = 3*y, y + 3*y = 0. List the prime factors of g.
13
Let x(f) = f**3 - 5*f**2 + 6*f + 3. List the prime factors of x(6).
3, 5
Let r(h) = h**2 + 6*h + 1. Let g be r(-5). Let b(f) = -f**3 - 4*f**2 - 3*f - 1. Let k be b(g). List the prime factors of -3 - -5 - k/(-1).
13
Let v be (-3)/(12/4)*-3. Let w(o) = o**2 - 2*o. Let s be w(4). Suppose 0 = -3*q + 4*q - 5*b + s, v = b. List the prime factors of q.
7
List the prime factors of ((-1)/2 + 3)/((-3)/(-24)).
2, 5
Let u = -28 + 71. List the prime factors of u.
43
Suppose 0 = -12*c + 13*c - 14. What are the prime factors of c?
2, 7
Let n be (-3 - -3)*(-2)/(-4). Suppose -3*m - m + 168 = n. Let x = m + -25. What are the prime factors of x?
17
Let p(u) = -u**2 + 5*u + 3. Let m be p(6). Let g = 5 + m. Suppose -l - g*l = -4*t - 18, -4*t = l + 10. What are the prime factors of l?
2
Let g = -19 - -32. What are the prime factors of g?
13
Let n(y) = 5*y - 7. Let h be n(-6). Suppose 88 = -4*c + 3*v, -5*c = -3*v + 99 + 14. Let r = c - h. List the prime factors of r.
2, 3
What are the prime factors of 2122/14 + (-104)/182?
151
Suppose -3*k = 3*s + 15, -2*k - 4*s = -4*k + 20. List the prime factors of (-12 + k)/((-21)/14).
2
Let l(p) = -p**2 + 2*p - 6. Let r be l(5). Let g = r - -34. List the prime factors of g.
13
Suppose 0 = -w + 2*b + 9 + 3, -4*b + 42 = w. Let i = 2 + w. What are the prime factors of i?
2, 3
Suppose -q - 2*q + 3*v = -3, -3*q + 5 = -v. Suppose -w - 1 = -q*a - 3, 8 = 4*w - 5*a. What are the prime factors of w?
2
Let x = 10 - 9. Suppose -4*a - 4*l = 8, 4 = -3*a - l - 2. What are the prime factors of (x/(-2))/(a/8)?
2
Suppose -4*j - 3 + 7 = 0. What are the prime factors of (1/j - 2) + 5?
2
Let c(a) = 17*a**2 + 2*a - 2. What are the prime factors of c(-2)?
2, 31
Suppose -4*d + t + 5 = -11, -t + 8 = 2*d. Suppose 3 = -d*w - 5. What are the prime factors of (w/4)/((-3)/30)?
5
Suppose 3*a = 9, -l - 5*a = -0*a - 9. What are the prime factors of ((-21)/l - -1)*2?
3
Let b(f) = f**2 - 1. Let h be b(1). Suppose -r + 11 + 3 = h. List the prime factors of r.
2, 7
Suppose 5*q - 171 - 124 = 0. List the prime factors of q.
59
List the prime factors of (-3)/(-4) + 213/4.
2, 3
Suppose h - 6*n - 94 = -n, 5*h + 3*n - 470 = 0. What are the prime factors of h?
2, 47
Let b(i) = i + 1. Let n(l) = -l**2 + 8*l + 12. Let p(q) = 5*b(q) - n(q). Let a(z) = z**3 + 9*z**2 + 8*z + 6. Let d be a(-8). List the prime factors of p(d).
11
Suppose 3*x = -v - 4*v + 22, 4*v - 5*x = 25. Suppose 0 = -5*u + 2*y + 243, 3*u + v*y - 92 - 60 = 0. List the prime factors of u.
7
Suppose -2*a - 4*x - x + 38 = 0, -4*a = -x - 32. Let l(w) = 6 + a*w - 6 + 0. List the prime factors of l(2).
2, 3
Let w be -1*10 + (-4)/(-4). Let s(i) = i**3 + 8*i**2 - 10*i + 1. What are the prime factors of s(w)?
2, 5
Suppose -t = t - 6. List the prime factors of t + (37 - 1)/3.
3, 5
Suppose -2*z + 452 = 2*z. List the prime factors of z.
113
Let z(w) be the second derivative of -w**4/12 - 5*w**3/3 + 3*w**2/2 - w. Let j = 77 + -87. What are the prime factors of z(j)?
3
Let u = 84 - 30. Suppose 0 = 5*x - 86 - u. What are the prime factors of x?
2, 7
Let j(y) = y**2 - 6*y + 6. Let w be j(6). Let u = -9 + w. Let p = u + 8. List the prime factors of p.
5
Suppose 0 = -2*o + h - 2*h + 160, -4*h - 140 = -2*o. What are the prime factors of o?
2, 3, 13
Let k = -50 - -87. What are the prime factors of k?
37
Let v = 16 + 12. List the prime factors of v.
2, 7
Suppose 0 = v - 5*v + 28. Suppose 5*j - 45 + v = -4*g, -7 = -j - g. List the prime factors of j.
2, 5
Let g be -3*((-376)/(-6) - -2). Let k = g - -304. Suppose -2*c + k = 3*c. What are the prime factors of c?
2, 11
Let a(t) = t**2 + 5*t - 2. Let l be a(-6). Suppose 5*k = 47 + 8. Suppose -29 = -l*g + k. What are the prime factors of g?
2, 5
Let c = 6 + -3. What are the prime factors of (22/(-6))/(c/(-9))?
11
Let t = 138 + -41. List the prime factors of t.
97
Let o(f) = -38*f**3 - f**2 + f - 2. What are the prime factors of o(-2)?
2, 37
Suppose 35 = 4*a - 29. Suppose 11 = 3*u - a. List the prime factors of u.
3
Suppose -12*x = -11*x - 147. What are the prime factors of x?
3, 7
Let u be (-2)/3 + 42/9. Suppose -v + 10 = -u. What are the prime factors of v?
2, 7
Suppose 5*q = d - 0*d - 24, -4*q + 15 = 3*d. Suppose a + d = 3*w, -3*a - 5*w + 12 = -31. List the prime factors of a.
2, 3
Let b be 1 + -2 + 0 + 4. Suppose 0*m = m - b. What are the prime factors of m?
3
List the prime factors of (-5)/3*3*-22.
2, 5, 11
Suppose 3*l + f - 18 = 0, -2*l = -f - 3*f - 12. Let r(n) = -n**3 - n**2 + 1. Let m be r(-1). Suppose l = v - m. List the prime factors of v.
7
Let f(y) = 2*y**2 + 7*y + 4. Let s be f(-4). Let k(g) = 3*g - 5. Let x be k(4). Let n = s + x. What are the prime factors of n?
3, 5
Let t(q) be the third derivative of -q**4/24 + 2*q**3 - q**2. Let w(g) = g**2 + 6*g - 9. Let v be w(-8). What are the prime factors of t(v)?
5
What are the prime factors of -1 + 60 + 9 + -4?
2
Let m(g) = -g**3 + g**2 + 7*g + 11. List the prime factors of m(-4).
3, 7
Suppose -10*j + 14 = -1276. List the prime factors of j.
3, 43
Let w(o) = 8*o - 19. What are the prime factors of w(8)?
3, 5
Let b = 9 + -6. Let u be (-2)/3*(1 + -97). Suppose 5*r - u = 2*i, -b*r = 6*i - i - 26. List the prime factors of r.
2, 3
Suppose -3*b - 2*b + 240 = 0. List the prime factors of b.
2, 3
Let b(u) = -13*u - 2. Let d be b(2). Let y = -61 - d. What are the prime factors of 6/y + 334/22?
3, 5
Let t = 1 - -4. Suppose t*d - 40 = d. List the prime factors of d.
2, 5
Suppose 3*d - 61 = -2*h, -114 = -4*h + d + d. Let r = -13 + h. List the prime factors of r.
2
Let k(t) = -2*t + 4 + t**2 - 4. List the prime factors of k(4).
2
Suppose 5*q - 5*p - 170 = 0, 2*q - 117 = -q - 2*p. What are the prime factors of q?
37
List the prime factors of (-5 + (-9)/3)*(-5 + 1).
2
Let s(g) = -g + 2. Let v(i) = -i + 3. Let o(z) = -5*s(z) + 3*v(z). Let l be o(5). Let c(x) = x + 4. List the prime factors of c(l).
13
Suppose -i + 4*k = -14, -3*k = -0*i - 2*i + 13. Let q be 3/i*(-776)/(-12). Suppose 27 = -5*t + q. What are the prime factors of t?
2, 7
Let z(n) be the third derivative of 0*n - 1/3*n**3 + 1/6*n**4 - 3*n**2 + 1/60*n**5 + 0. What are the prime factors of z(-5)?
3
Suppose o - 4*s = 31, 2*s = 7*s - 20. What are the prime factors of o?
47
Let q(r) be the first derivative of -2*r**2 + 11*r - 1. Let y(g) = 5*g - 11. Let z(h) = 4*q(h) + 3*y(h). What are the prime factors of z(6)?
5
Suppose 0 = 3*l + 2*l - 25. Suppose 0 = -4*s + 4*q + 92, -l*s + 2*s + 5*q = -73. List the prime factors of s.
3, 7
Suppose -a - 2*o + 52 = -0*a, 0 = 5*a + o - 287. Suppose 2*r = d - 0*r - 11, -4*d + a = -r. What are the prime factors of d?
3, 5
Let t = -42 - 18. Let g = -17 - t. What are the prime factors of g?
43
Suppose 9 = t + 5*d, -4*d + 11 = t - 0. List the prime factors of t.
19
Let d = -5 + 2. Let s = d + 10. List the prime factors of s.
7
Suppose -2*n + 226 = 2*c, 121 = -3*c + 4*c - 3*n. What are the prime factors of c?
5, 23
Suppose d + 3*d - 405 = 3*l, 0 = -2*d - 4*l + 230. List the prime factors of d.
3, 5, 7
Let z = -113 - -160.